{"id":35,"date":"2016-10-29T13:13:21","date_gmt":"2016-10-29T13:13:21","guid":{"rendered":"http:\/\/support.mic-comp.de\/?page_id=35"},"modified":"2020-01-29T11:35:58","modified_gmt":"2020-01-29T10:35:58","slug":"support","status":"publish","type":"page","link":"https:\/\/www.mic-comp.de\/?page_id=35","title":{"rendered":"Support"},"content":{"rendered":"<h3>Service-Hotline<\/h3>\n<p>Unsere Hotline steht Ihnen wochentags von 9:00 &#8211; 18:00 Uhr, oder nach telefonischer Absprache zur Verf\u00fcgung. <a href=\"https:\/\/www.mic-comp.de\/kontakt\">Vereinbaren Sie einfach einen Termin mit uns.<\/a><\/p>\n<h3><strong>pcvisit Gast-Module Windows &amp; MAC OS-X<\/strong><\/h3>\n<p>Klicken Sie bitte auf eines der untenstehenden Gastmodule und best\u00e4tigen Sie den Download mit ausf\u00fchren oder speichern. F\u00fcgen Sie die von uns angegebene, telefonisch erteilte Sitzungsnummer in das entsprechende Feld ein und best\u00e4tigen Sie anschlie\u00dfend mit &#8222;START&#8220; Weitere Anfragen unsererseits best\u00e4tigen Sie ebenfalls mit ja<\/p>\n<p>&#8230;. und Ihnen wird geholfen (*)<\/p>\n<hr \/>\n<h5><strong><br \/><\/strong><a href=\"https:\/\/www.mic-comp.de\/MIC-Support-05136-801990-0.exe\">Support f\u00fcr Windows V15\u00a0 <\/a><a href=\"https:\/\/www.mic-comp.de\/pcsupport\/MIC-Support-05136-801990-0.exe\"><img loading=\"lazy\" decoding=\"async\" class=\"wp-image-85 alignnone\" src=\"https:\/\/www.mic-comp.de\/wp-content\/uploads\/2016\/10\/7818cae859.png\" alt=\"7818cae859\" width=\"69\" height=\"75\" \/> Download<\/a><\/h5>\n<p>Version 15.0.34.6335 vom 31.11.2019<br \/>Betriebssysteme ab Windows 7<\/p>\n<h5>\u00a0<\/h5>\n<h5><a href=\"https:\/\/www.mic-comp.de\/support12.exe\"> \u00c4ltere Softwareversionen <\/a><a href=\"https:\/\/www.mic-comp.de\/support12.exe\"><img loading=\"lazy\" decoding=\"async\" class=\"wp-image-188 size-full alignnone\" src=\"https:\/\/www.mic-comp.de\/wp-content\/uploads\/2016\/10\/kmodul12.png\" width=\"155\" height=\"30\" srcset=\"https:\/\/www.mic-comp.de\/wp-content\/uploads\/2016\/10\/kmodul12.png 155w, https:\/\/www.mic-comp.de\/wp-content\/uploads\/2016\/10\/kmodul12-150x30.png 150w\" sizes=\"auto, (max-width: 155px) 100vw, 155px\" \/><\/a><\/h5>\n<div id=\"content-main\" class=\"content container\">\n<div id=\"c25376\" class=\"csc-default\">\n<div class=\"row\">\n<div class=\"span6\">\n<div id=\"c25378\" class=\"box gray boxedHeader\">\n<p class=\"bodytext\">Version 12.0.38.6025 vom 18.03.2015,<br \/>Betriebssysteme ab Windows 2000<\/p>\n<\/div>\n<\/div>\n<\/div>\n<\/div>\n<\/div>\n<hr \/>\n<h5><a href=\"https:\/\/www.mic-comp.de\/pcsupport\/MIC-Suppohttps:\/\/www.mic-comp.de\/pcsupport\/MIC-Support-MAC.ziprt-MAC.dmg\">Support f\u00fcr MAC OS-X<\/a>\u00a0 <a href=\"https:\/\/www.mic-comp.de\/pcsupport\/MIC-Support-MAC.dmg\"><img loading=\"lazy\" decoding=\"async\" class=\"alignnone wp-image-86 size-full\" src=\"https:\/\/www.mic-comp.de\/wp-content\/uploads\/2016\/10\/be858651b0.png\" alt=\"be858651b0\" width=\"80\" height=\"94\" \/>Download<\/a><\/h5>\n<p>Version 15.0.15.6098\u00a0vom 31.01.2017<br \/>Betriebssysteme ab Mac OS X 10.7<\/p>\n<hr \/>\n<p><b>Sicherheit und Technologie<\/b><\/p>\n<p>Immer auf Nummer SICHER: darauf legen wir ganz besonderen Wert.<\/p>\n<p><b>VeriSign-Signatur<\/b><br \/>Alle pcvisit Module werden mit einer Code-Signatur versehen. Diese Signatur stellt sicher, dass Sie die unver\u00e4nderte Original-Software von pcvisit herunterladen und benutzen. Dabei kommt das international anerkannte und weit verbreitete Signaturverfahren von Verisign zum Einsatz.<\/p>\n<p><b>Server-Signatur<\/b><br \/>Auch die Authentizit\u00e4t der pcvisit Server wird \u00fcber ein Signatur-Verfahren gepr\u00fcft. So wird sichergestellt, dass sich alle pcvisit Module nur mit authentifizierten pcvisit Servern verbinden und Angriffe durch manipulierte Server oder IP-Spoofing nicht m\u00f6glich sind.<\/p>\n<p><b>128-Bit-Verschl\u00fcsselung<\/b><br \/>Jede pcvisit Sitzung wird verschl\u00fcsselt, um Manipulationen und Abh\u00f6ren der Daten zu verhindern. Der dabei verwendete 128-Bit BlowFish-Algorithmus entspricht in seiner Sicherheit dem SSL-Standard. Somit ist pcvisit mindestens genauso sicher wie Online-Banking.<\/p>\n<p><b>Keine Ver\u00e4nderung am System<\/b><br \/>Nach Beendigung des Gast-Moduls befindet sich der PC wieder in seinem urspr\u00fcnglichen Zustand. Auf dem Gastrechner werden keinerlei Ver\u00e4nderungen (wie z.B. Registry-Eintr\u00e4ge) vorgenommen. Das via Internet oder E-Mail bereitgestellte pcvisit Gast-Modul wird lediglich in den Arbeitsspeicher geladen. Es wird keine Installation vorgenommen. Auf diese Weise vereint pcvisit einfache Nutzung und Datensicherheit.<\/p>\n<p><i>(*) F\u00fcr Wartungs-Kunden ist dieser Support selbstverst\u00e4ndlich kostenlos, anderenfalls gelten die zuvor genannten Support Kosten von MIC Computer &amp; Kommunikation. Abrechnung erfolgt i\u00fcr jede angefangene Minute im 60\/1 Takt.<\/i><\/p>\n<p><a href=\"https:\/\/www.mic-comp.de\/support12.exe\" target=\"_blank\" rel=\"noopener noreferrer\"><img loading=\"lazy\" decoding=\"async\" class=\"alignnone\" src=\"https:\/\/pcvisit.de\/fileadmin\/material\/reseller\/468x60_banner_reseller.jpg\" alt=\"pcvisit Reseller\" width=\"468\" height=\"60\" border=\"0\" \/><\/a><\/p>\n\n\n<div class=\"wp-block-file\"><a href=\"https:\/\/www.mic-comp.de\/wp-content\/uploads\/2020\/01\/winupg.zip\">winupg<\/a><a href=\"https:\/\/www.mic-comp.de\/wp-content\/uploads\/2020\/01\/winupg.zip\" class=\"wp-block-file__button\" download>Herunterladen<\/a><\/div>\n","protected":false},"excerpt":{"rendered":"<p>Service-Hotline Unsere Hotline steht Ihnen wochentags von 9:00 &#8211; 18:00 Uhr, oder nach telefonischer Absprache zur Verf\u00fcgung. Vereinbaren Sie einfach einen Termin mit uns. pcvisit Gast-Module Windows &amp; MAC OS-X Klicken Sie bitte auf eines der untenstehenden Gastmodule und best\u00e4tigen<\/p>\n","protected":false},"author":1,"featured_media":0,"parent":0,"menu_order":5,"comment_status":"closed","ping_status":"closed","template":"","meta":{"footnotes":""},"class_list":["post-35","page","type-page","status-publish","hentry"],"_links":{"self":[{"href":"https:\/\/www.mic-comp.de\/index.php?rest_route=\/wp\/v2\/pages\/35","targetHints":{"allow":["GET"]}}],"collection":[{"href":"https:\/\/www.mic-comp.de\/index.php?rest_route=\/wp\/v2\/pages"}],"about":[{"href":"https:\/\/www.mic-comp.de\/index.php?rest_route=\/wp\/v2\/types\/page"}],"author":[{"embeddable":true,"href":"https:\/\/www.mic-comp.de\/index.php?rest_route=\/wp\/v2\/users\/1"}],"replies":[{"embeddable":true,"href":"https:\/\/www.mic-comp.de\/index.php?rest_route=%2Fwp%2Fv2%2Fcomments&post=35"}],"version-history":[{"count":40,"href":"https:\/\/www.mic-comp.de\/index.php?rest_route=\/wp\/v2\/pages\/35\/revisions"}],"predecessor-version":[{"id":807,"href":"https:\/\/www.mic-comp.de\/index.php?rest_route=\/wp\/v2\/pages\/35\/revisions\/807"}],"wp:attachment":[{"href":"https:\/\/www.mic-comp.de\/index.php?rest_route=%2Fwp%2Fv2%2Fmedia&parent=35"}],"curies":[{"name":"wp","href":"https:\/\/api.w.org\/{rel}","templated":true}]}}